n factor of 77 and g?
11
Suppose -3*b + 38 = -1. Let l be -3 + (-3 - (-146 + -3)). Calculate the highest common divisor of l and b.
13
Let k be 1/((-1 - 0)/(-19)). Let g(r) = r**3 + r**2 + 3*r - 13. Let q be g(5). What is the greatest common divisor of k and q?
19
Let x be ((-282)/10)/((-4)/20) - -3. What is the highest common factor of 16 and x?
16
Suppose -3*v + 729 = 6*v. Let b = 20 - 11. Calculate the greatest common divisor of v and b.
9
Suppose f - 247 = -4*b, -2*b - 4*f + 106 = -0*f. Calculate the highest common factor of 7 and b.
7
Suppose -3*i + 300 = 3*i. Calculate the greatest common divisor of i and 125.
25
Let k be (1/1)/((-4)/(-220)). Let o(a) be the second derivative of 7*a**4/12 + a**3/2 + 5*a. Let x be o(-2). Calculate the greatest common divisor of x and k.
11
Suppose -5*j - r + 196 = 0, j + 2*r = -0*r + 32. Calculate the highest common divisor of 16 and j.
8
Suppose -5*q + 12 = -2*q. Calculate the highest common factor of q and 44.
4
Suppose 0*l = -4*l + 96. Let b(c) = 11*c**2 + c. Let x be b(1). What is the greatest common factor of x and l?
12
Let t be -3 + 309/(2 + 1). Let f = -43 + t. Calculate the greatest common divisor of 38 and f.
19
Suppose -80 = 3*t + t. Let h be (-184)/t - 8/(-10). Calculate the highest common factor of 20 and h.
10
Let s = 33 + -17. Calculate the greatest common divisor of 8 and s.
8
Suppose 5*u - 4*f = -6, -u - 2*f = -0*f + 4. Let i be (-112)/(-42)*(-15)/u. What is the highest common factor of 160 and i?
20
Let m be -5*7/(35/(-48)). What is the highest common divisor of m and 12?
12
Suppose -5*o = i - 63, -2*o + 4*i = -3 - 9. What is the greatest common divisor of 3 and o?
3
Suppose h - 25 = 3*l, 6*l - 111 = -5*h + 7*l. Calculate the greatest common factor of h and 11.
11
Let p be -3 - (-414)/14 - (-6)/14. Calculate the greatest common divisor of p and 297.
27
Suppose 0*f - 7 = -4*f - 5*k, -k = -2*f + 21. Let p = f + 5. Calculate the greatest common divisor of p and 104.
13
Suppose -k = 2 - 1. Let y be (2 - (k - -1))*1. Let a be y*1*(-2 + 4). What is the greatest common factor of a and 12?
4
Suppose 2*j + 28 - 338 = 0. What is the greatest common divisor of 62 and j?
31
Let t be ((-84)/20 + -1)/(7/(-210)). What is the highest common divisor of t and 24?
12
Let k be (-2)/9 - (-141)/27. Let l = k - -19. Calculate the highest common factor of 24 and l.
24
Let m(b) = 7*b**2 - b - 2. Let l be m(-2). Calculate the greatest common divisor of 14 and l.
14
Suppose -5*d + 3*d = -22. Suppose -d = -2*b + 5. Calculate the greatest common factor of b and 1.
1
Suppose -1 = -4*w - 21. Suppose 4*o + 50 = -2*j, 3*o + 3*j - 2*j + 36 = 0. Let n = w - o. What is the highest common factor of 4 and n?
2
Suppose -3*a - 4*z + 6 = -4*a, 0 = 5*a + 4*z - 90. Calculate the highest common divisor of a and 21.
7
Suppose 0 = -3*d + d - 10. Let t(y) = y**2 - 4. Let x be t(d). Calculate the greatest common divisor of x and 105.
21
Let r be ((-50)/20)/(2/(-8)). What is the highest common factor of r and 20?
10
Let q = 34 - 28. Calculate the greatest common divisor of 15 and q.
3
Let q = -4 - -5. Suppose s + 2*o + 3 = 0, 0 = -3*s - 2*o - 2*o - q. What is the highest common divisor of 35 and s?
5
Let s = 0 - -7. Suppose 4*l - 3 = 3*l. Suppose -l*i + 2*c + 53 = 0, -5*i + 0*i + 2*c + 95 = 0. Calculate the highest common divisor of i and s.
7
Suppose 0 = -s + 2*u + 13, 4*s - 28 = -2*u + 4. What is the highest common factor of 6 and s?
3
Let s(m) = 21*m**2 + m - 3. Let v(o) = 20*o**2 + 2*o - 3. Let q(g) = -2*s(g) + 3*v(g). Let k be q(2). Calculate the greatest common factor of 11 and k.
11
Let g = -12 - -69. Calculate the greatest common factor of g and 38.
19
Suppose 4*d = 5*s - 0*s - 75, 0 = d. What is the greatest common factor of 6 and s?
3
Let b = -8 + 16. Let j = b - -9. Suppose -2*l + 85 = 3*l. Calculate the highest common divisor of l and j.
17
Suppose 2*d - 55 = -3*d. Let c be (1/2)/(1/22). What is the greatest common factor of c and d?
11
Let a(w) = -2*w - 11. Let v be a(-12). Calculate the greatest common factor of 91 and v.
13
Let c be (39/6)/(2/20). Calculate the highest common divisor of c and 26.
13
Suppose 0 = 5*c - 5*k - 5, -3*c - 3*k = -9. Calculate the highest common factor of c and 1.
1
Let w(g) = -62*g - 17. Let y be w(-4). Calculate the highest common factor of 21 and y.
21
Let r = 2 + 3. Suppose -26 + 246 = r*d. Calculate the highest common factor of 4 and d.
4
Let j be 60/18*(-42)/(-10). Calculate the greatest common divisor of 14 and j.
14
Suppose -p + 85 = 4*p. Let o = 49 + 2. Calculate the greatest common divisor of o and p.
17
Let u = -178 + 266. Calculate the greatest common factor of u and 8.
8
Let o = 8 + -12. Let m be 6/(-5)*10/o. Calculate the greatest common factor of 6 and m.
3
Suppose 72 = 6*m - 2*m. Suppose 3*a - 460 - 26 = 0. What is the greatest common factor of a and m?
18
Suppose 0 = -4*x + 3*a - 713 + 1889, 0 = -2*a + 8. Calculate the greatest common factor of 27 and x.
27
Suppose w = -3*w + 40. Let t = -16 + w. Let b be (-4)/12 - 164/t. What is the highest common factor of b and 3?
3
Suppose 4*l + 2*c - 2 = 3*l, 3*c = 2*l + 3. Let i = 16 + l. What is the highest common factor of 24 and i?
8
Let j = 143 - 95. Calculate the highest common factor of 24 and j.
24
Suppose 0*s = -5*s + 10, -5*t + 33 = -s. What is the highest common factor of t and 21?
7
Let f = 164 - 153. Calculate the greatest common divisor of 341 and f.
11
Let i be 302/4 + (-2)/(-4). Suppose 2*r - 4*n - 43 = n, -i = -3*r - 4*n. What is the greatest common factor of r and 6?
6
Let n = 6 + -11. Let z(m) = 3*m - 2. Let l(i) = -2*i + 1. Let c(d) = -5*l(d) - 4*z(d). Let b be c(n). Calculate the highest common factor of b and 65.
13
Let h = 18 - -14. What is the greatest common factor of h and 16?
16
Suppose 0 = -s, -4*x + x + 45 = 2*s. Let m = 51 + -1. Suppose 2*q + q = 5*y - 50, -5*y = 4*q - m. What is the greatest common divisor of y and x?
5
Let r = -149 - -487. Let g = r + -162. What is the greatest common divisor of g and 16?
16
Suppose -2*y + 195 = -3*l, -5*y + l + 477 = -3*l. Suppose -212 - y = -5*s. Let j = s + 11. What is the highest common factor of 9 and j?
9
Suppose -2*l - 3*z + 103 = 0, l + 4*l - 230 = -2*z. Let o = l + -72. Let f = 42 + o. Calculate the highest common factor of 35 and f.
7
Let g be (42/(-5))/((-3)/20). Let m(y) = -y**2 - 11*y + 7. Suppose 5*o + 4*f = -75, -f - 10 = f. Let i be m(o). Calculate the highest common factor of g and i.
7
Suppose 0*f - 3*f = -357. Calculate the highest common factor of f and 51.
17
Suppose -19 = -f + d, -3*d + 153 - 50 = 5*f. Calculate the greatest common divisor of f and 30.
10
Suppose -2*g = 5*g - 231. What is the highest common divisor of g and 264?
33
Let o be (4 - 3)/((-1)/(-24)). Calculate the highest common divisor of 48 and o.
24
Suppose -j + 2*j = 23. Let h = j - 13. Let w = -4 - -5. What is the greatest common divisor of w and h?
1
Suppose a - 27 = 17. What is the greatest common divisor of a and 11?
11
Let g(s) = -3*s**3 - 7*s**2 - 4*s + 2. Let z be g(-2). Calculate the greatest common factor of z and 6.
6
Let x be (-52)/(-6) - 6/9. Let g(h) = 2*h + 10. Let u be g(x). What is the greatest common divisor of 65 and u?
13
Let o = 5 + 1. What is the greatest common factor of 66 and o?
6
Suppose -5*q - 214 + 8 = -2*v, 3*v + 2*q - 290 = 0. Let g be (20/25)/((-2)/(-35)). What is the highest common divisor of g and v?
14
Let w = 3 + 1. Suppose 23 = 3*c + 2*c - 3*p, 4*c + w*p - 12 = 0. What is the greatest common factor of 6 and c?
2
Let q be 10/20 + (47/2 - 2). Let f be 11 - (0 + 0)*1. What is the highest common factor of q and f?
11
Suppose 2*z = -3*z + 405. What is the highest common factor of 9 and z?
9
Let r be 50 - (4/(-4) + -1). Calculate the greatest common factor of r and 182.
26
Let k(p) = -p**3 - 10*p**2 + 10*p + 4. Let a be k(-11). What is the greatest common divisor of 105 and a?
15
Let i(f) = -f**3 - 6*f**2 - 12*f. Let m be i(-4). What is the highest common factor of m and 144?
16
Let f be (4/10)/((2/(-480))/(-1)). Calculate the greatest common divisor of f and 12.
12
Let o be (54/24)/((-6)/(-32)). What is the greatest common factor of o and 4?
4
Let q = 129 + -84. Calculate the highest common divisor of 9 and q.
9
Let d be (-34)/(-3) - 12/(-18). Let j be (